- (9 + -3)).
-2
What is (3 - -3) + (9 - 20)?
-5
What is the value of 11 - (8 + 10 + (10 - 11))?
-6
Evaluate -18 - ((6 - -17) + -52).
11
Evaluate -48 + (45 - (6 + 12)).
-21
-18 + 0 - (1168 - 1157)
-29
1 + -15 + (115 + -104 - (-1 - -11))
-13
-2 + (13 - 21) + 6
-4
Evaluate -2 - 6 - (-40 + 25 - -32).
-25
What is -11 + 1 + -1 + (81 + -61 - -20)?
29
Evaluate 1 - 6 - (-9 - (-4 - 7 - -3)).
-4
What is -12 - (1 - (14 + -7) - -5)?
-11
What is (-4 - 3) + (4 - 3)?
-6
What is 0 - (1 + -1 + -19 + 8)?
11
(21 - (1 - -8)) + (-1 - -3)
14
15 + -1 - 9 - (21 + -5)
-11
Evaluate 7 + (-19 - (-7 - 9)).
4
What is (-17 - 1) + -2 - (109 - 106)?
-23
What is (-90 + 71 - -23) + (6 - 1)?
9
What is the value of -3 + -4 + -3 + (-4 - -1)?
-13
Calculate 2 - (3 + 22 + -14).
-9
-22 + 2 - ((-29 - -9) + 11)
-11
2 - (0 - (12 + -9 + -5))
0
Calculate (1 + 27 - (332 + -315)) + -46 + 1.
-34
16 + (4 - (27 - 16))
9
Calculate (2 - -2) + -6 - (-14 - 8 - 9).
29
Calculate -22 + (-11 - -24) - (-11 + -3).
5
What is 2 + 1 + -9 + 24 - 5?
13
Calculate 2 + 6 + (-4 + -1 + 10 - 3).
10
Calculate -16 + -1 + (0 - 1) - (74 - 66).
-26
Evaluate 9 + ((-9 - -4) + -1 - -5).
8
-57 + 59 + (7 - -1) + 1
11
What is 0 + -13 - (10 + 6) - 7?
-36
Calculate 20 + 1 - (-20 - (-4 - 19 - -8)).
26
Evaluate -13 + (-3 + 6 - -7).
-3
Calculate -2 + 3 - 10 - (107 + -127).
11
What is the value of 10 + -1 + (8 - 6 - 8) - 20?
-17
What is 11 + 0 + (-21 + 54 - 21)?
23
What is the value of -29 + (65 + -16 - 8)?
12
Calculate (-2 - 0 - 1) + -196 + 192 - -9.
2
What is (-5 - 7) + 19 + -10?
-3
What is 6 - (-5 - 2) - (-3 + -5 + 9)?
12
What is 8 + -18 - (-27 + 8)?
9
-26 - -35 - (5 + -28) - (1 - -8)
23
What is the value of 38 - 23 - (30 - -7) - (-8 + 0)?
-14
23 + -3 + 7 + -19
8
Calculate -25 + (31 - 28 - -18).
-4
-8 + (18 - 19) + (-8 - -16)
-1
(3 - (-4 - -7)) + 1 + -2 - 2
-3
What is (7 - 14) + 4 - (-4 - -13 - 0)?
-12
Evaluate 10 - (4 - (-4 + 5)).
7
What is (-27 - -23) + (-5 - 4)?
-13
Evaluate (-21 - -11) + (3 - 4 - -3).
-8
What is the value of 34 - (26 - 30 - -25)?
13
Evaluate -14 - -2 - (-22 - -7).
3
6 - (4 + (-10 + 4 - 0) + 9)
-1
-8 - (37 + -28 + 9)
-26
-10 - (-8 - (23 - 11))
10
Evaluate 4 - (24 - 25) - 9.
-4
What is -6 + (-38 + 36 - 18)?
-26
What is the value of (-6 + 11 - 18) + 27?
14
What is -5 - -2 - 3 - (12 + -2)?
-16
0 + 8 - (78 + (-13 - 18))
-39
Evaluate (54 + -28 - 48) + -1 + 0.
-23
What is -14 + (-8 - (2 + -3 + 4 + -8))?
-17
What is the value of -31 + (13 - 5) + 4 + 6 - 9?
-22
Calculate -17 + 2 - (0 + 1 + -10 - -5).
-11
19 + -8 + 2 + 14 + (-14 - -7)
20
What is 6 - (-11 - (2 - (-16 - -26)))?
9
Evaluate 1 + -5 + 0 + -24 + 14 + 5.
-9
Calculate 16 + 15 + -12 + 7 - 0.
26
Evaluate 1 + 0 + 0 - (-28 + -22 + 47).
4
Calculate (0 + -8 - 0) + 273 + -276.
-11
What is -5 + 1 + -187 + 206?
15
Evaluate (44 + -12 - (-8 - -14)) + -12.
14
What is the value of (25 - 19) + 1 + -1 - 5?
1
(5 - ((-10 - -6) + 0)) + 0
9
Evaluate 15 + -24 + 17 + -9.
-1
What is (-14 - -14) + (8 + -4 - 6 - -3)?
1
-6 - (10 + -13 + 8) - -8
-3
Calculate (-6 - (14 - -8) - -6) + 9.
-13
Calculate -14 - -17 - (1 + (5 - -2)).
-5
Evaluate (-6 - 5) + 9 + -3 + -9.
-14
What is 16 + -3 + (-17 - -22)?
18
Evaluate -16 + 27 + 10 + -29.
-8
What is the value of (5 + -22 + 6 - (-4 - 13)) + 3?
9
Calculate -13 + (35 - 11) - (18 + -18).
11
What is the value of -9 + 18 + (13 - (-6 + 9))?
19
What is (12 + -4 - 14) + 7 + 8 + 4?
13
Evaluate -2 + -15 - (-9 + (-1 - -14)).
-21
What is the value of 0 + 0 + (48 - 46)?
2
What is (2 - (4 + -4)) + 5 + -1 - 0?
6
((-14 - -16) + -1 - -17) + -10
8
3 - ((5 - (8 - -8)) + 7)
7
What is the value of 19 - (-8 + (-3 + 7 - -6))?
17
Evaluate (-3 - (-2 + -1)) + (4 - 0) + -9.
-5
(-22 - -9 - -2) + -3 + -1 + 2
-13
What is the value of (1 - -48 - 17) + -15?
17
What is (-6 - -8 - 3 - -2) + -16?
-15
What is the value of -2 + (5 - (-15 - -20))?
-2
Evaluate -6 - (-2 - (19 - 41)).
-26
What is 4 + 5 + -5 + (-7 - (1 + 12))?
-16
What is 6 + -21 + 3 + 16 + (-20 - -15)?
-1
8 + -3 + 11 - 0
16
What is the value of 4 - 6 - (-3 - -1 - -4) - -14?
10
Calculate -3 - (-37 + 15 - -6).
13
What is the value of -26 + 9 + 28 + (-4 - 5)?
2
What is 8 - (37 + (-2 - 8) - 5)?
-14
Calculate 43 - (-15 + 7 - -86).
-35
What is (1 + -9 - (89 - 84)) + 2 + 0?
-11
What is the value of -21 + 11 + -8 + 33?
15
Calculate ((8 - 9) + 2 - -4) + -3.
2
What is -5 + (-1 - (6 - (21 - 10)))?
-1
What is -18 + 4 - 4 - -11?
-7
What is 141 + -168 + 7 + (-1 - -2) - -2?
-17
What is the value of 9 - (-7 - -26) - -6 - 10?
-14
Evaluate -6 + (8 - -9) + -12.
-1
What is the value of -4 + (2 - 2 - 1)?
-5
What is 68 - ((29 - -3) + 7)?
29
5 + (-11 - 19) + 14
-11
What is the value of (0 - 7) + -3 + -2 + 1 + -7?
-18
Evaluate (-23 - 1 - -16) + -5.
-13
What is the value of 4 + -29 + 17 + 15?
7
What is 23 - (-14 - -22) - 12 - (2 + -8)?
9
What is 2 + -5 - -1 - (2 + -6 - -6)?
-4
2 + (1 - (-1 - -1)) + (-115 - -120)
8
17 + -1 + -2 + (-9 - (10 + -18))
13
1 - ((-1 - (10 + (-9 - -2))) + 17)
-12
10 + (-3 - 0) + 4 + 5 + -9
7
What is (7 - (-3 + 0)) + (3 - 6 - -1)?
8
What is -1 + -33 + 27 + 13?
6
Calculate -4 + 0 + (-2 - 3).
-9
What is the value of 12 + (1 - 3) - (11 - 17)?
16
What is the value of 32 + -32 - (-10 + 7 - (-1 - 25))?
-23
What is (-10 - -31) + -8 + -8 + 5?
10
What is the value of -35 - (32 - 46) - -15?
-6
Evaluate -141 + 178 + -32 + 1.
6
Calculate (-8 - (-1 - 0)) + 1450 + -1443.
0
10 + -12 - (-1 - (1 + 1))
1
What is (-3 + 1 + 6 - -9) + -2?
11
(-5 - -6) + (5 + -3 - -5)
8
What is the value of (-12 - (10 - 21)) + -19 - -18?
-2
What is the value of (-30 - 21) + 52 + -28?
-27
What is -8 + 18 + -32 + 12?
-10
Calculate -9 - (-2 - (-7 - 0)) - (0 + -5).
-9
What is the value of (11 - (2 - -5) - 10) + (1 - 3)?
-8
What is 6 - 11 - -3 - (-3 - 1)?
2
Calculate -11 - (-43 + (12 - -6)).
14
What is (-8 - 0 - (20 + -19 + -5)) + -2?
-6
What is the value of 8 - (15 - 1 - (0 + 11))?
5
Evaluate 26 + -2 + -21 + 6.
9
Evaluate -28 + (51 - 32) + 1 + -16.
-24
Evaluate -14 + 32 + -23 + -17.
-22
What is the value of 9 + (-12 - (-6 - (10 + -7)))?
6
Calculate -17 - (-49 + 23) - (0 - -4).
5
What is the value of -12 + 0 + (3 + 4 - (6 - 5))?
-6
What is -926 - -893 - (1 + -9)?
-25
Calculate -2 + (1 - ((7 - -1) + (14 - 16))).
-7
Calculate 0 + 3 + (-1225 - -1195).
-27
Evaluate 11 - (-7 + 4 - (-11 - 3)).
0
Calculate (7 + -13 - -2) + -6 - -18.
8
Evaluate 4 + -4 - (78 + -44).
-34
Evaluate (6 - (1 - 2)) + 130 + -132.
5
(47 - 8) + (73 - 85)
27
What is the value of (13 - 4) + -2 - (-17 - -9 - -1)?
14
What is the value of -611 - -592 - (0 - 24)?
5
Calculate (0 - 5) + (-20 + 4 - (-24 + 15)).
-12
What is the value of -43 - (-8 + -1 + -20)?
-14
What is the value of (5 - 2) + 1 - 1?
3
What is (1 - -4) + 1 + 0 + -3 - -10?
13
What is 4 + (-9 - -17 - 3 - (7 + 14))?
-12
-33 - (-42 + 20) - -6
-5
Evaluate (-8 - 0) + 12 + 1 - (1 + -9).
13
5 + -24 - (34 - 18)
-35
Calculate -54 - (3 - (4 - -31)).
-22
What is 4 + (8 - (15 - -10))?
-13
30 - ((9 + -4 - (-7 + 11)) + 2)
27
What is -27 + 12 + 15 + -15?
-15
Evaluate -18 + 24 + 0 + -4.
2
What is -31 + 36 - ((-1 - 2) + -2 + -5)?
15
What is the value of -18 - (0 - -3) - (0 - (22 + -27))?
-26
What is 256 + -236 - (24 + -1)?
-3
What is 6 + (11 - (16 + 0))?
1
What is -5 + 37 - 2 - (4 + 14 - 15)?
27
Calculate (-20 - -1 - -23) + -1 + 0.
3
12 - 1 - (46 - 4) - -14
-17
What is the value of -36 - -2 - (-147 + 132)?
-19
(11 - (-4 - -2)) + -2 + (95 - 126)
-20
What is the value of -290 + 286 - (5 + -6 + (0 - 12))?
9
What is -19 + -10 + (-1 - -24)?
-6
What is the value of -58 + (-3 - -12) - (1 + -4 + -6)?
-40
What is the value of -17 + 1 + (-7 - -15)?
-8
What is the value of (-1 - -5 - 0) + -9 + -3 + 11?
3
Calculate -7 - ((-7 - (-10 + -4)) + 23 + -10).
-27
Evaluate -15 - ((-24 - -14) + 13 - (-1 + 8)).
-11
Calculate 0 - (39 + 23 + -66).
4
Calculate 1 - ((-19 - (-3 - 3 - -4)) + 9).
9
What is the value of -3 - 0 - (-10 - (-6 - 0))?
1
Evaluate (2 - 0 - (28 + -15) - -6) + 19.
14
Evaluate -2 + (0 - 2 - 2) - (-1585 - -1575).
4
30 + 2 - (20 - -3)
9
(6 - 2) + (16 - (44 - 33))
9
What is 10 - (-6 + (0 - -12))?
4
-16 + 10 - (-4 + 12)
-14
Calculate -6 - 0 - (6 + -8 + 1 + 8).
-13
Calculate (2 - (-14 + (2 - 1))) + -9 - 9.
-3
What is 6 - 8 - -12 - 8?
2
Evaluate 0 + (7 + (-3 - 8) - -6).
2
Calculate (-13 + 2 - (-15 - (6 + -5))) + 28.
33
What is the value of 10 + (-14 + -14 - -8)?
-10
(-